{"id":32035,"date":"2025-07-07T09:46:47","date_gmt":"2025-07-07T07:46:47","guid":{"rendered":"https:\/\/rivalimmo.com\/?page_id=32035"},"modified":"2025-07-07T10:30:55","modified_gmt":"2025-07-07T08:30:55","slug":"estimation-de-votre-bien-maison-appartement-et-terrain","status":"publish","type":"page","link":"https:\/\/rivalimmo.com\/index.php\/estimation-de-votre-bien-maison-appartement-et-terrain\/","title":{"rendered":"Estimation de votre bien maison, appartement et terrain"},"content":{"rendered":"\t\t<div data-elementor-type=\"wp-page\" data-elementor-id=\"32035\" class=\"elementor elementor-32035\">\n\t\t\t\t\t\t<section class=\"elementor-section elementor-top-section elementor-element elementor-element-4cd89105 animated-slow elementor-section-content-middle elementor-section-stretched elementor-section-boxed elementor-section-height-default elementor-section-height-default elementor-invisible\" data-id=\"4cd89105\" data-element_type=\"section\" data-settings=\"{&quot;background_background&quot;:&quot;classic&quot;,&quot;animation&quot;:&quot;fadeIn&quot;,&quot;stretch_section&quot;:&quot;section-stretched&quot;,&quot;shape_divider_bottom&quot;:&quot;waves&quot;}\">\n\t\t\t\t\t\t\t<div class=\"elementor-background-overlay\"><\/div>\n\t\t\t\t\t\t<div class=\"elementor-shape elementor-shape-bottom\" data-negative=\"false\">\n\t\t\t<svg xmlns=\"http:\/\/www.w3.org\/2000\/svg\" viewBox=\"0 0 1000 100\" preserveAspectRatio=\"none\">\n\t<path class=\"elementor-shape-fill\" d=\"M421.9,6.5c22.6-2.5,51.5,0.4,75.5,5.3c23.6,4.9,70.9,23.5,100.5,35.7c75.8,32.2,133.7,44.5,192.6,49.7\n\tc23.6,2.1,48.7,3.5,103.4-2.5c54.7-6,106.2-25.6,106.2-25.6V0H0v30.3c0,0,72,32.6,158.4,30.5c39.2-0.7,92.8-6.7,134-22.4\n\tc21.2-8.1,52.2-18.2,79.7-24.2C399.3,7.9,411.6,7.5,421.9,6.5z\"\/>\n<\/svg>\t\t<\/div>\n\t\t\t\t\t<div class=\"elementor-container elementor-column-gap-no\">\n\t\t\t\t\t<div class=\"elementor-column elementor-col-100 elementor-top-column elementor-element elementor-element-7a0c78f4\" data-id=\"7a0c78f4\" data-element_type=\"column\" data-settings=\"{&quot;background_background&quot;:&quot;classic&quot;}\">\n\t\t\t<div class=\"elementor-widget-wrap elementor-element-populated\">\n\t\t\t\t\t\t<div class=\"elementor-element elementor-element-f3963d7 elementor-widget elementor-widget-heading\" data-id=\"f3963d7\" data-element_type=\"widget\" data-widget_type=\"heading.default\">\n\t\t\t\t<div class=\"elementor-widget-container\">\n\t\t\t\t\t<h2 class=\"elementor-heading-title elementor-size-default\">Estimation de votre bien maison, appartemenent et terrain<\/h2>\t\t\t\t<\/div>\n\t\t\t\t<\/div>\n\t\t\t\t<div class=\"elementor-element elementor-element-61fa62a4 elementor-widget elementor-widget-heading\" data-id=\"61fa62a4\" data-element_type=\"widget\" data-widget_type=\"heading.default\">\n\t\t\t\t<div class=\"elementor-widget-container\">\n\t\t\t\t\t<p class=\"elementor-heading-title elementor-size-default\">Vendez au meilleur prix avec l'agence Rival Immobilier<\/p>\t\t\t\t<\/div>\n\t\t\t\t<\/div>\n\t\t\t\t\t<\/div>\n\t\t<\/div>\n\t\t\t\t\t<\/div>\n\t\t<\/section>\n\t\t<div class=\"elementor-element elementor-element-14476f5 e-flex e-con-boxed e-con e-parent\" data-id=\"14476f5\" data-element_type=\"container\">\n\t\t\t\t\t<div class=\"e-con-inner\">\n\t\t\t\t<div class=\"elementor-element elementor-element-d403d10 elementor-widget elementor-widget-heading\" data-id=\"d403d10\" data-element_type=\"widget\" data-widget_type=\"heading.default\">\n\t\t\t\t<div class=\"elementor-widget-container\">\n\t\t\t\t\t<h2 class=\"elementor-heading-title elementor-size-default\">Faire estimer son bien immobilier avec Rival Immobilier, c\u2019est s\u2019appuyer sur des d\u00e9cennies d'exp\u00e9rience professionnelle<\/h2>\t\t\t\t<\/div>\n\t\t\t\t<\/div>\n\t\t\t\t<div class=\"elementor-element elementor-element-7f7e8b4 elementor-widget elementor-widget-text-editor\" data-id=\"7f7e8b4\" data-element_type=\"widget\" data-widget_type=\"text-editor.default\">\n\t\t\t\t<div class=\"elementor-widget-container\">\n\t\t\t\t\t\t\t\t\t<p data-start=\"0\" data-end=\"196\">Vous souhaitez vendre votre bien immobilier ? Chez Rival Immobilier, nous mettons \u00e0 votre service notre expertise pour estimer et commercialiser votre logement au meilleur prix, en toute s\u00e9r\u00e9nit\u00e9.<\/p><p data-start=\"198\" data-end=\"225\">Pour cela, nous analysons :<\/p><ul data-start=\"227\" data-end=\"678\"><li data-start=\"227\" data-end=\"384\"><p data-start=\"229\" data-end=\"384\"><strong data-start=\"229\" data-end=\"266\">La r\u00e9glementation et la fiscalit\u00e9<\/strong> : chaque transaction r\u00e9pond \u00e0 des normes strictes (diagnostics obligatoires, loi ALUR, fiscalit\u00e9 des plus-values\u2026),<\/p><\/li><li data-start=\"385\" data-end=\"496\"><p data-start=\"387\" data-end=\"496\"><strong data-start=\"387\" data-end=\"423\">L\u2019emplacement et l\u2019environnement<\/strong> : proximit\u00e9 des transports en commun, commerces, \u00e9coles, cadre de vie\u2026<\/p><\/li><li data-start=\"497\" data-end=\"584\"><p data-start=\"499\" data-end=\"584\"><strong data-start=\"499\" data-end=\"531\">Les caract\u00e9ristiques du bien<\/strong> : surface, \u00e9tat g\u00e9n\u00e9ral, exposition, architecture\u2026<\/p><\/li><li data-start=\"585\" data-end=\"678\"><p data-start=\"587\" data-end=\"678\"><strong data-start=\"587\" data-end=\"617\">La demande du march\u00e9 local<\/strong> : tendances du secteur, profil des acqu\u00e9reurs, prix au m\u00b2\u2026<\/p><\/li><\/ul><p data-start=\"680\" data-end=\"898\">Gr\u00e2ce \u00e0 cette m\u00e9thode rigoureuse, nous vous proposons une <strong data-start=\"738\" data-end=\"764\">estimation immobili\u00e8re<\/strong> fiable et personnalis\u00e9e. Vous b\u00e9n\u00e9ficiez ainsi d\u2019un <strong data-start=\"817\" data-end=\"831\">prix juste<\/strong>, parfaitement ajust\u00e9 \u00e0 la conjoncture et aux atouts de votre bien.<\/p><p data-start=\"900\" data-end=\"1082\" data-is-last-node=\"\" data-is-only-node=\"\">Pr\u00eat \u00e0 confier la vente de votre maison ou de votre appartement \u00e0 des professionnels ?<br data-start=\"986\" data-end=\"989\" \/>\ud83d\udc49 Contactez d\u00e8s maintenant nos conseillers pour une estimation gratuite et sans engagement !<\/p>\t\t\t\t\t\t\t\t<\/div>\n\t\t\t\t<\/div>\n\t\t\t\t<div class=\"elementor-element elementor-element-0df8867 elementor-widget elementor-widget-WpResidence_Contact_Form\" data-id=\"0df8867\" data-element_type=\"widget\" data-widget_type=\"WpResidence_Contact_Form.default\">\n\t\t\t\t<div class=\"elementor-widget-container\">\n\t\t\t\t\t<div class=\"wpestate_contact_form_parent shortcode_contact_form sh_form_align_left\">\n                <div class=\"alert-message\" id=\"footer_alert-agent-contact_sh\"><\/div><input style=\"\" placeholder=\"Votre nom\" required=\"required\" id=\"foot_contact_name_sh\" name=\"contact_name\" class=\"form-control\" type=\"text\"><input style=\"\" placeholder=\"Votre Email\" required=\"required\" id=\"foot_contact_email_sh\" name=\"contact_email\" class=\"form-control wpestate-form-control-sh\" type=\"email\"><input style=\"\" placeholder=\"Ton t\u00e9l\u00e9phone\" required=\"required\" id=\"foot_contact_phone_sh\" name=\"contact_phone\" class=\"form-control wpestate-form-control-sh\" type=\"email\"><textarea style=\"\" placeholder=\"Tapez votre message ...\" required=\"required\" id=\"foot_contact_content_sh\" name=\"contact_content\" class=\"form-control wpestate-form-control-sh\" rows=\"4\"><\/textarea><input type=\"hidden\" name=\"contact_ajax_nonce\" id=\"agent_property_ajax_nonce\" value=\"85453f019e\" \/>        <div class=\"gpr_wrapper\">\n            <input type=\"checkbox\" role=\"checkbox\" aria-checked=\"false\" \n                   id=\"wpestate_agree_gdpr\" \n                   class=\"wpestate_agree_gdpr\" \n                   name=\"wpestate_agree_gdpr\" \/>\n            <label class=\"wpestate_gdpr_label\" for=\"wpestate_agree_gdpr\">\n                J&#039;approuve les \n                <a target=\"_blank\" href=\"https:\/\/rivalimmo.com\/\">\n                    termes RGPD                <\/a>\n            <\/label>\n        <\/div>\n        <div class=\"btn-cont\">\n                <button type=\"submit\" id=\"btn-cont-submit_sh\" class=\"wpresidence_button sh_but_normal\">Envoyer le message<\/button>\n                <input type=\"hidden\" value=\"\" name=\"contact_to\">\n                <div class=\"bottom-arrow\"><\/div>\n            <\/div>\n        <\/div><style>\n                .shortcode_contact_form textarea::-webkit-input-placeholder,\n                .shortcode_contact_form input::-webkit-input-placeholder {\n                    color:  !important;\n                }\n            <\/style>\n            <script type=\"text\/javascript\">\n                jQuery(document).ready(function(){\n                    wpestate_contact_us_shortcode();\n                });\n            <\/script>\t\t\t\t<\/div>\n\t\t\t\t<\/div>\n\t\t\t\t<div class=\"elementor-element elementor-element-c8ba822 elementor-widget elementor-widget-image\" data-id=\"c8ba822\" data-element_type=\"widget\" data-widget_type=\"image.default\">\n\t\t\t\t<div class=\"elementor-widget-container\">\n\t\t\t\t\t\t\t\t\t\t\t\t\t\t\t<img fetchpriority=\"high\" decoding=\"async\" width=\"1024\" height=\"768\" src=\"https:\/\/rivalimmo.com\/wp-content\/uploads\/2025\/07\/IMG_8306-1024x768.jpg\" class=\"attachment-large size-large wp-image-31855\" alt=\"\" srcset=\"https:\/\/rivalimmo.com\/wp-content\/uploads\/2025\/07\/IMG_8306-1024x768.jpg 1024w, https:\/\/rivalimmo.com\/wp-content\/uploads\/2025\/07\/IMG_8306-300x225.jpg 300w, https:\/\/rivalimmo.com\/wp-content\/uploads\/2025\/07\/IMG_8306-768x576.jpg 768w, https:\/\/rivalimmo.com\/wp-content\/uploads\/2025\/07\/IMG_8306-1536x1152.jpg 1536w, https:\/\/rivalimmo.com\/wp-content\/uploads\/2025\/07\/IMG_8306-2048x1536.jpg 2048w\" sizes=\"(max-width: 1024px) 100vw, 1024px\" \/>\t\t\t\t\t\t\t\t\t\t\t\t\t\t\t<\/div>\n\t\t\t\t<\/div>\n\t\t\t\t\t<\/div>\n\t\t\t\t<\/div>\n\t\t\t\t<\/div>\n\t\t","protected":false},"excerpt":{"rendered":"<p>Estimation de votre bien maison, appartemenent et terrain Vendez au meilleur prix avec l&rsquo;agence Rival Immobilier Faire estimer son bien immobilier avec Rival Immobilier, c\u2019est s\u2019appuyer sur des d\u00e9cennies d&rsquo;exp\u00e9rience professionnelle Vous souhaitez vendre votre bien immobilier ? Chez Rival Immobilier, nous mettons \u00e0 votre service notre expertise pour estimer et commercialiser votre logement au meilleur prix, en toute s\u00e9r\u00e9nit\u00e9. Pour cela, nous analysons &#8230;<\/p>\n","protected":false},"author":1,"featured_media":0,"parent":0,"menu_order":0,"comment_status":"closed","ping_status":"closed","template":"elementor_canvas","meta":{"inline_featured_image":false,"footnotes":""},"class_list":["post-32035","page","type-page","status-publish","hentry"],"yoast_head":"<!-- This site is optimized with the Yoast SEO Premium plugin v24.7 (Yoast SEO v24.7) - https:\/\/yoast.com\/wordpress\/plugins\/seo\/ -->\n<title>Estimation de votre bien maison, appartement et terrain - Rival Immobilier<\/title>\n<meta name=\"description\" content=\"Estimez au meilleur prix votre bien avec l&#039;agence Rival Immobilier, agence situ\u00e9e \u00e0 Saint-Germain-Du-Puch. Maison, appartement et terrain.\" \/>\n<meta name=\"robots\" content=\"index, follow, max-snippet:-1, max-image-preview:large, max-video-preview:-1\" \/>\n<link rel=\"canonical\" href=\"https:\/\/rivalimmo.com\/index.php\/estimation-de-votre-bien-maison-appartement-et-terrain\/\" \/>\n<meta property=\"og:locale\" content=\"fr_FR\" \/>\n<meta property=\"og:type\" content=\"article\" \/>\n<meta property=\"og:title\" content=\"Estimation de votre bien maison, appartement et terrain\" \/>\n<meta property=\"og:description\" content=\"Estimez au meilleur prix votre bien avec l&#039;agence Rival Immobilier, agence situ\u00e9e \u00e0 Saint-Germain-Du-Puch. Maison, appartement et terrain.\" \/>\n<meta property=\"og:url\" content=\"https:\/\/rivalimmo.com\/index.php\/estimation-de-votre-bien-maison-appartement-et-terrain\/\" \/>\n<meta property=\"og:site_name\" content=\"Rival Immobilier\" \/>\n<meta property=\"article:modified_time\" content=\"2025-07-07T08:30:55+00:00\" \/>\n<meta property=\"og:image\" content=\"http:\/\/rivalimmo.com\/wp-content\/uploads\/2025\/07\/IMG_8306-1024x768.jpg\" \/>\n<meta name=\"twitter:card\" content=\"summary_large_image\" \/>\n<meta name=\"twitter:label1\" content=\"Dur\u00e9e de lecture estim\u00e9e\" \/>\n\t<meta name=\"twitter:data1\" content=\"2 minutes\" \/>\n<script type=\"application\/ld+json\" class=\"yoast-schema-graph\">{\"@context\":\"https:\/\/schema.org\",\"@graph\":[{\"@type\":\"WebPage\",\"@id\":\"https:\/\/rivalimmo.com\/index.php\/estimation-de-votre-bien-maison-appartement-et-terrain\/\",\"url\":\"https:\/\/rivalimmo.com\/index.php\/estimation-de-votre-bien-maison-appartement-et-terrain\/\",\"name\":\"Estimation de votre bien maison, appartement et terrain - Rival Immobilier\",\"isPartOf\":{\"@id\":\"https:\/\/rivalimmo.com\/#website\"},\"primaryImageOfPage\":{\"@id\":\"https:\/\/rivalimmo.com\/index.php\/estimation-de-votre-bien-maison-appartement-et-terrain\/#primaryimage\"},\"image\":{\"@id\":\"https:\/\/rivalimmo.com\/index.php\/estimation-de-votre-bien-maison-appartement-et-terrain\/#primaryimage\"},\"thumbnailUrl\":\"http:\/\/rivalimmo.com\/wp-content\/uploads\/2025\/07\/IMG_8306-1024x768.jpg\",\"datePublished\":\"2025-07-07T07:46:47+00:00\",\"dateModified\":\"2025-07-07T08:30:55+00:00\",\"description\":\"Estimez au meilleur prix votre bien avec l'agence Rival Immobilier, agence situ\u00e9e \u00e0 Saint-Germain-Du-Puch. Maison, appartement et terrain.\",\"breadcrumb\":{\"@id\":\"https:\/\/rivalimmo.com\/index.php\/estimation-de-votre-bien-maison-appartement-et-terrain\/#breadcrumb\"},\"inLanguage\":\"fr-FR\",\"potentialAction\":[{\"@type\":\"ReadAction\",\"target\":[\"https:\/\/rivalimmo.com\/index.php\/estimation-de-votre-bien-maison-appartement-et-terrain\/\"]}]},{\"@type\":\"ImageObject\",\"inLanguage\":\"fr-FR\",\"@id\":\"https:\/\/rivalimmo.com\/index.php\/estimation-de-votre-bien-maison-appartement-et-terrain\/#primaryimage\",\"url\":\"https:\/\/rivalimmo.com\/wp-content\/uploads\/2025\/07\/IMG_8306-scaled.jpg\",\"contentUrl\":\"https:\/\/rivalimmo.com\/wp-content\/uploads\/2025\/07\/IMG_8306-scaled.jpg\",\"width\":2560,\"height\":1920},{\"@type\":\"BreadcrumbList\",\"@id\":\"https:\/\/rivalimmo.com\/index.php\/estimation-de-votre-bien-maison-appartement-et-terrain\/#breadcrumb\",\"itemListElement\":[{\"@type\":\"ListItem\",\"position\":1,\"name\":\"Accueil\",\"item\":\"https:\/\/rivalimmo.com\/\"},{\"@type\":\"ListItem\",\"position\":2,\"name\":\"Estimation de votre bien maison, appartement et terrain\"}]},{\"@type\":\"WebSite\",\"@id\":\"https:\/\/rivalimmo.com\/#website\",\"url\":\"https:\/\/rivalimmo.com\/\",\"name\":\"Rival Immobilier\",\"description\":\"\",\"potentialAction\":[{\"@type\":\"SearchAction\",\"target\":{\"@type\":\"EntryPoint\",\"urlTemplate\":\"https:\/\/rivalimmo.com\/?s={search_term_string}\"},\"query-input\":{\"@type\":\"PropertyValueSpecification\",\"valueRequired\":true,\"valueName\":\"search_term_string\"}}],\"inLanguage\":\"fr-FR\"}]}<\/script>\n<!-- \/ Yoast SEO Premium plugin. -->","yoast_head_json":{"title":"Estimation de votre bien maison, appartement et terrain - Rival Immobilier","description":"Estimez au meilleur prix votre bien avec l'agence Rival Immobilier, agence situ\u00e9e \u00e0 Saint-Germain-Du-Puch. Maison, appartement et terrain.","robots":{"index":"index","follow":"follow","max-snippet":"max-snippet:-1","max-image-preview":"max-image-preview:large","max-video-preview":"max-video-preview:-1"},"canonical":"https:\/\/rivalimmo.com\/index.php\/estimation-de-votre-bien-maison-appartement-et-terrain\/","og_locale":"fr_FR","og_type":"article","og_title":"Estimation de votre bien maison, appartement et terrain","og_description":"Estimez au meilleur prix votre bien avec l'agence Rival Immobilier, agence situ\u00e9e \u00e0 Saint-Germain-Du-Puch. Maison, appartement et terrain.","og_url":"https:\/\/rivalimmo.com\/index.php\/estimation-de-votre-bien-maison-appartement-et-terrain\/","og_site_name":"Rival Immobilier","article_modified_time":"2025-07-07T08:30:55+00:00","og_image":[{"url":"http:\/\/rivalimmo.com\/wp-content\/uploads\/2025\/07\/IMG_8306-1024x768.jpg","type":"","width":"","height":""}],"twitter_card":"summary_large_image","twitter_misc":{"Dur\u00e9e de lecture estim\u00e9e":"2 minutes"},"schema":{"@context":"https:\/\/schema.org","@graph":[{"@type":"WebPage","@id":"https:\/\/rivalimmo.com\/index.php\/estimation-de-votre-bien-maison-appartement-et-terrain\/","url":"https:\/\/rivalimmo.com\/index.php\/estimation-de-votre-bien-maison-appartement-et-terrain\/","name":"Estimation de votre bien maison, appartement et terrain - Rival Immobilier","isPartOf":{"@id":"https:\/\/rivalimmo.com\/#website"},"primaryImageOfPage":{"@id":"https:\/\/rivalimmo.com\/index.php\/estimation-de-votre-bien-maison-appartement-et-terrain\/#primaryimage"},"image":{"@id":"https:\/\/rivalimmo.com\/index.php\/estimation-de-votre-bien-maison-appartement-et-terrain\/#primaryimage"},"thumbnailUrl":"http:\/\/rivalimmo.com\/wp-content\/uploads\/2025\/07\/IMG_8306-1024x768.jpg","datePublished":"2025-07-07T07:46:47+00:00","dateModified":"2025-07-07T08:30:55+00:00","description":"Estimez au meilleur prix votre bien avec l'agence Rival Immobilier, agence situ\u00e9e \u00e0 Saint-Germain-Du-Puch. Maison, appartement et terrain.","breadcrumb":{"@id":"https:\/\/rivalimmo.com\/index.php\/estimation-de-votre-bien-maison-appartement-et-terrain\/#breadcrumb"},"inLanguage":"fr-FR","potentialAction":[{"@type":"ReadAction","target":["https:\/\/rivalimmo.com\/index.php\/estimation-de-votre-bien-maison-appartement-et-terrain\/"]}]},{"@type":"ImageObject","inLanguage":"fr-FR","@id":"https:\/\/rivalimmo.com\/index.php\/estimation-de-votre-bien-maison-appartement-et-terrain\/#primaryimage","url":"https:\/\/rivalimmo.com\/wp-content\/uploads\/2025\/07\/IMG_8306-scaled.jpg","contentUrl":"https:\/\/rivalimmo.com\/wp-content\/uploads\/2025\/07\/IMG_8306-scaled.jpg","width":2560,"height":1920},{"@type":"BreadcrumbList","@id":"https:\/\/rivalimmo.com\/index.php\/estimation-de-votre-bien-maison-appartement-et-terrain\/#breadcrumb","itemListElement":[{"@type":"ListItem","position":1,"name":"Accueil","item":"https:\/\/rivalimmo.com\/"},{"@type":"ListItem","position":2,"name":"Estimation de votre bien maison, appartement et terrain"}]},{"@type":"WebSite","@id":"https:\/\/rivalimmo.com\/#website","url":"https:\/\/rivalimmo.com\/","name":"Rival Immobilier","description":"","potentialAction":[{"@type":"SearchAction","target":{"@type":"EntryPoint","urlTemplate":"https:\/\/rivalimmo.com\/?s={search_term_string}"},"query-input":{"@type":"PropertyValueSpecification","valueRequired":true,"valueName":"search_term_string"}}],"inLanguage":"fr-FR"}]}},"_links":{"self":[{"href":"https:\/\/rivalimmo.com\/index.php\/wp-json\/wp\/v2\/pages\/32035","targetHints":{"allow":["GET"]}}],"collection":[{"href":"https:\/\/rivalimmo.com\/index.php\/wp-json\/wp\/v2\/pages"}],"about":[{"href":"https:\/\/rivalimmo.com\/index.php\/wp-json\/wp\/v2\/types\/page"}],"author":[{"embeddable":true,"href":"https:\/\/rivalimmo.com\/index.php\/wp-json\/wp\/v2\/users\/1"}],"replies":[{"embeddable":true,"href":"https:\/\/rivalimmo.com\/index.php\/wp-json\/wp\/v2\/comments?post=32035"}],"version-history":[{"count":19,"href":"https:\/\/rivalimmo.com\/index.php\/wp-json\/wp\/v2\/pages\/32035\/revisions"}],"predecessor-version":[{"id":32064,"href":"https:\/\/rivalimmo.com\/index.php\/wp-json\/wp\/v2\/pages\/32035\/revisions\/32064"}],"wp:attachment":[{"href":"https:\/\/rivalimmo.com\/index.php\/wp-json\/wp\/v2\/media?parent=32035"}],"curies":[{"name":"wp","href":"https:\/\/api.w.org\/{rel}","templated":true}]}}